nvert 3 (base 11) to base 15.
3
What is -b (base 13) in base 15?
-b
Convert 12 (base 12) to base 3.
112
17 (base 9) to base 15
11
-1 (base 6) to base 10
-1
What is 3 (base 7) in base 8?
3
Convert 25 (base 14) to base 16.
21
1320 (base 5) to base 10
210
Convert -3 (base 11) to base 12.
-3
Convert -30 (base 12) to base 8.
-44
1 (base 11) to base 4
1
What is -111 (base 5) in base 11?
-29
Convert 10010 (base 2) to base 16.
12
7 (base 10) to base 11
7
Convert 5 (base 9) to base 16.
5
Convert 112 (base 8) to base 12.
62
What is -109 (base 11) in base 12?
-aa
What is 11 (base 2) in base 6?
3
Convert -c0 (base 13) to base 3.
-12210
67 (base 11) to base 3
2201
What is 22 (base 6) in base 14?
10
-217 (base 10) to base 4
-3121
Convert -9 (base 10) to base 15.
-9
Convert 32 (base 13) to base 14.
2d
What is 21 (base 4) in base 16?
9
f1 (base 16) to base 12
181
What is 2 (base 10) in base 3?
2
-121 (base 6) to base 3
-1211
Convert -67 (base 15) to base 7.
-166
-362 (base 7) to base 5
-1231
What is 5 (base 11) in base 7?
5
Convert 29 (base 12) to base 2.
100001
What is 1110 (base 3) in base 11?
36
0 (base 14) to base 10
0
-204 (base 5) to base 13
-42
40 (base 8) to base 10
32
Convert -1440 (base 6) to base 10.
-384
Convert -13 (base 8) to base 7.
-14
Convert 75 (base 9) to base 8.
104
-130 (base 4) to base 15
-1d
Convert -1 (base 8) to base 11.
-1
1c (base 13) to base 10
25
What is -1 (base 11) in base 13?
-1
Convert 32 (base 5) to base 3.
122
10 (base 7) to base 2
111
-303 (base 4) to base 11
-47
Convert -17 (base 12) to base 5.
-34
What is -111 (base 2) in base 12?
-7
-14 (base 11) to base 8
-17
6 (base 10) to base 2
110
Convert 1011 (base 3) to base 15.
21
-17 (base 12) to base 15
-14
What is -7 (base 8) in base 11?
-7
What is -1112 (base 3) in base 12?
-35
1d (base 14) to base 13
21
Convert 6 (base 7) to base 4.
12
What is -66 (base 12) in base 5?
-303
What is -c (base 14) in base 12?
-10
What is -134 (base 6) in base 13?
-46
What is -41 (base 7) in base 14?
-21
What is 140 (base 5) in base 13?
36
What is -2 (base 6) in base 7?
-2
-35 (base 9) to base 12
-28
10 (base 2) to base 9
2
-13 (base 8) to base 10
-11
Convert 91 (base 13) to base 3.
11101
What is -1 (base 10) in base 14?
-1
-26 (base 7) to base 5
-40
Convert 14 (base 6) to base 16.
a
a9 (base 12) to base 2
10000001
-5 (base 16) to base 7
-5
What is -331 (base 6) in base 12?
-a7
What is -1 (base 5) in base 9?
-1
Convert 99 (base 15) to base 3.
12100
What is -143 (base 7) in base 10?
-80
Convert 224 (base 7) to base 5.
431
What is -245 (base 6) in base 13?
-7a
What is 41 (base 6) in base 7?
34
What is -10010000 (base 2) in base 15?
-99
What is 21 (base 15) in base 9?
34
Convert 105 (base 12) to base 6.
405
2 (base 15) to base 8
2
Convert 23 (base 4) to base 3.
102
Convert -10 (base 4) to base 15.
-4
Convert 357 (base 9) to base 4.
10213
-3 (base 16) to base 5
-3
-f (base 16) to base 10
-15
b (base 14) to base 12
b
-153 (base 6) to base 11
-63
-3 (base 13) to base 15
-3
What is -14 (base 13) in base 15?
-12
What is 0 (base 2) in base 8?
0
What is -19 (base 15) in base 8?
-30
Convert 10030 (base 4) to base 16.
10c
30 (base 6) to base 12
16
Convert 3 (base 4) to base 10.
3
Convert 40 (base 8) to base 16.
20
Convert 278 (base 9) to base 8.
351
Convert -45 (base 14) to base 10.
-61
-1a6 (base 14) to base 12
-246
-4 (base 8) to base 11
-4
Convert -4 (base 15) to base 11.
-4
Convert 21 (base 11) to base 10.
23
What is 5 (base 16) in base 9?
5
Convert -123 (base 11) to base 14.
-a6
5 (base 10) to base 7
5
Convert 7d (base 14) to base 8.
157
Convert d (base 15) to base 5.
23
-19 (base 11) to base 4
-110
8 (base 12) to base 6
12
-112 (base 4) to base 2
-10110
-1023 (base 5) to base 8
-212
Convert -18 (base 10) to base 7.
-24
Convert -5 (base 6) to base 5.
-10
3 (base 13) to base 7
3
What is -46 (base 10) in base 14?
-34
Convert -1c (base 15) to base 10.
-27
What is 21 (base 8) in base 7?
23
Convert 36 (base 9) to base 2.
100001
What is 24 (base 5) in base 12?
12
What is -210 (base 7) in base 4?
-1221
Convert -4c (base 13) to base 3.
-2101
Convert -2 (base 15) to base 7.
-2
11 (base 8) to base 4
21
Convert -13 (base 8) to base 16.
-b
Convert -3 (base 6) to base 2.
-11
-11 (base 5) to base 10
-6
-401 (base 6) to base 10
-145
What is -4 (base 13) in base 7?
-4
Convert -74 (base 12) to base 10.
-88
What is -25 (base 11) in base 6?
-43
-110 (base 5) to base 2
-11110
-2 (base 13) to base 8
-2
What is 0 (base 8) in base 13?
0
What is -100 (base 9) in base 7?
-144
What is 44 (base 8) in base 5?
121
Convert 54 (base 15) to base 14.
59
Convert 59 (base 10) to base 11.
54
What is 10 (base 16) in base 10?
16
10 (base 6) to base 9
6
Convert 8a (base 16) to base 15.
93
Convert -1 (base 8) to base 2.
-1
What is -13 (base 14) in base 5?
-32
0 (base 7) to base 12
0
-2 (base 7) to base 3
-2
18 (base 14) to base 8
26
144 (base 9) to base 11
100
101111 (base 2) to base 5
142
-235 (base 7) to base 13
-97
-464 (base 7) to base 12
-182
19 (base 12) to base 2
10101
-1 (base 5) to base 13
-1
-10011 (base 2) to base 5
-34
What is 2 (base 13) in base 2?
10
Convert -6 (base 11) to base 15.
-6
0 (base 13) to base 5
0
Convert 23 (base 11) to base 14.
1b
What is 57 (base 12) in base 4?
1003
Convert 23 (base 4) to base 10.
11
What is -123 (base 4) in base 13?
-21
2 (base 13) to base 8
2
Convert 1 (base 5) to base 8.
1
What is -12 (base 4) in base 10?
-6
What is -104 (base 5) in base 12?
-25
What is 13 (base 6) in base 9?
10
-177 (base 9) to base 6
-411
What is 0 (base 3) in base 7?
0
-9b (base 12) to base 2
-1110111
Convert 11 (base 3) to base 7.
4
What is 0 (base 13) in base 14?
0
-102 (base 3) to base 6
-15
What is 34 (base 15) in base 3?
1211
Convert -100100 (base 2) to base 16.
-24
Convert -24 (base 12) to base 11.
-26
23 (base 4) to base 6
15
What is 135 (base 7) in base 8?
113
What is 38 (base 12) in base 6?
112
Convert 61 (base 7) to base 15.
2d
213 (base 5) to base 9
64
Convert -401 (base 9) to base 5.
-2300
What is 0 (base 12) in base 9?
0
-2 (base 12) to base 13
-2
-b (base 14) to base 5
-21
Convert 5 (base 7) to base 5.
10
What is -5 (base 14) in base 8?
-5
What is -201 (base 6) in base 16?
-49
100 (base 3) to base 10
9
-7 (base 10) to base 12
-7
Convert 21 (base 8) to base 3.
122
What is -3 (base 5) in base 10?
-3
5 (base 14) to base 9
5
110 (base 2) to base 13
6
Convert -38 (base 11) to base 12.
-35
Convert 11110001 (base 2) to base 9.
287
-2c (base 16) to base 7
-62
Convert -3 (base 8) to base 12.
-3
What is 13 (base 8) in base 15?
b
4 (base 5) to base 3
11
Convert 3 (base 11) to base 14.
3
-74 (base 11) to base 2
-1010001
25 (base 15) to base 11
32
Convert 10100 (base 2) to base 13.
17
5 (base 9) to base 7
5
What is 10 (base 3) in base 8?
3
24 (base 14) to base 4
200
What is 251 (base 6) in base 2?
1100111
4d (base 15) to base 10
73
-11 (base 2) to base 12
-3
-17 (base 12) to base 3
-201
-2 (base 8) to base 14
-2
11100101 (base 2) to base 7
445
3 (base 13) to base 10
3
-1 (base 13) to base 12
-1
What is 101 (base 6) in base 5?
122
Convert 36 (base 7) to base 2.
11011
-137 (base 9) to base 2
-1110011
-1 (base 10) to base 15
-1
101001111 (base 2) to base 16
14f
Convert 2 (base 16) to base 14.
2
Convert -4 (base 6) to base 4.
-10
Convert -35 (base 7) to base 11.
-24
What is -3 (base 4) in base 10?
-3
Convert 37 (base 14) to base 13.
3a
1b (base 14) to base 3
221
Convert 12 (base 4) to base 5.
11
-154 (base 6) to base 9
-77
What is 211 (base 5) in base 2?
111000
Convert -18 (base 12) to base 16.
-14
Convert 5 (base 13) to base 3.
12
98 (base 15) to base 2
10001111
Convert -5 (base 16) to base 2.
-101
2 (base 5) to base 11
2
Convert 10 (base 2) to base 11.
2
-3 (base 9) to base 2
-11
Convert -44 (base 9) to base 8.
-50
Convert -35 (base 8) to base 16.
-1d
26 (base 8) to base 9
24
1 (base 5) to base 2
1
What is -12 (base 7) in base 4?
-21
-17 (base 10) to base 3
-122
-2 (base 13) to base 2
-10
What is a8 (base 12) in base 10?
128
-126 (base 12) to base 16
-ae
What is -22012 (base 3) in base 4?
-3131
What is -3 (base 4) in base 15?
-3
-111 (base 4) to base 9
-23
11 (base 6) to base 10
7
What is -3 (base 12) in base 4?
-3
-334 (base 6) to base 10
-130
1a (base 16) to base 9
28
What is -111 (base 2) in base 9?
-7
4 (base 14) to 